{"id":2062,"date":"2019-09-15T08:25:00","date_gmt":"2019-09-15T08:25:00","guid":{"rendered":"http:\/\/tolgyesilivia.eu\/?page_id=2062"},"modified":"2019-09-15T08:59:44","modified_gmt":"2019-09-15T08:59:44","slug":"velemenyek-a-baratom-potyirol","status":"publish","type":"page","link":"https:\/\/tolgyesilivia.eu\/?page_id=2062","title":{"rendered":"V\u00e9lem\u00e9nyek a Bar\u00e1tom, P\u00f6tyir\u0151l"},"content":{"rendered":"<div id=\"pl-2062\"  class=\"panel-layout\" ><div id=\"pg-2062-0\"  class=\"panel-grid panel-no-style\" ><div id=\"pgc-2062-0-0\"  class=\"panel-grid-cell\" ><div id=\"panel-2062-0-0-0\" class=\"so-panel widget widget_sow-editor panel-first-child panel-last-child\" data-index=\"0\" ><div\n\t\t\t\n\t\t\tclass=\"so-widget-sow-editor so-widget-sow-editor-base\"\n\t\t\t\n\t\t>\n<div class=\"siteorigin-widget-tinymce textwidget\">\n\t<p><a href=\"http:\/\/tolgyesilivia.eu\/wp-content\/uploads\/2019\/01\/K\u00f6nyv-k\u00f6rbe-v\u00e1gva.jpg\"><img loading=\"lazy\" decoding=\"async\" class=\"alignleft size-medium wp-image-1799\" src=\"http:\/\/tolgyesilivia.eu\/wp-content\/uploads\/2019\/01\/K\u00f6nyv-k\u00f6rbe-v\u00e1gva-300x260.jpg\" alt=\"\" width=\"300\" height=\"260\" srcset=\"https:\/\/tolgyesilivia.eu\/wp-content\/uploads\/2019\/01\/K\u00f6nyv-k\u00f6rbe-v\u00e1gva-300x260.jpg 300w, https:\/\/tolgyesilivia.eu\/wp-content\/uploads\/2019\/01\/K\u00f6nyv-k\u00f6rbe-v\u00e1gva-768x665.jpg 768w, https:\/\/tolgyesilivia.eu\/wp-content\/uploads\/2019\/01\/K\u00f6nyv-k\u00f6rbe-v\u00e1gva-1024x887.jpg 1024w\" sizes=\"auto, (max-width: 300px) 100vw, 300px\" \/><\/a><\/p>\n<\/div>\n<\/div><\/div><\/div><div id=\"pgc-2062-0-1\"  class=\"panel-grid-cell\" ><div id=\"panel-2062-0-1-0\" class=\"so-panel widget widget_sow-editor panel-first-child panel-last-child\" data-index=\"1\" ><div\n\t\t\t\n\t\t\tclass=\"so-widget-sow-editor so-widget-sow-editor-base\"\n\t\t\t\n\t\t>\n<div class=\"siteorigin-widget-tinymce textwidget\">\n\t<p><span style=\"color: #003366;\"><strong><a style=\"color: #003366;\" href=\"https:\/\/moly.hu\/konyvek\/tolgyesi-livia-baratom-potyi\">T\u00f6lgyesi L\u00edvia: Bar\u00e1tom, P\u00f6tyi<\/a><\/strong><\/span><\/p>\n<p><span style=\"color: #003300;\">\"Csupasz\u00edv mese egy kisl\u00e1nyr\u00f3l, az anyuk\u00e1j\u00e1r\u00f3l, egy nyuszir\u00f3l, egy mack\u00f3r\u00f3l, no meg a varr\u00e1sr\u00f3l. A k\u00f6nyv v\u00e9g\u00e9n szab\u00e1smint\u00e1kat tal\u00e1lhatunk, \u00e9s r\u00e9szletes, hasznos \u00fatmutat\u00e1st a kis varr\u00f3n\u0151k kezd\u0151 l\u00e9p\u00e9seihez.\u00a0<\/span><br \/>\n<span style=\"color: #003300;\"> Valami\u00e9rt \u00fagy \u00e9rzem, hogy igaz t\u00f6rt\u00e9netbe \u00e1gyaz\u00f3dik ez a mese; kedvem t\u00e1madt megkeresni Szentendr\u00e9n az iparm\u0171v\u00e9sz \u00e9desany\u00e1t \u00e9s j\u00e1t\u00e9kait a szentendrei boltok kirakat\u00e1ban. J\u00e1rjatok ut\u00e1na!\"<\/span><\/p>\n<p><span style=\"color: #003300;\">2019. j\u00fanius 5.<\/span><\/p>\n<p>Forr\u00e1s: <a href=\"https:\/\/moly.hu\/konyvek\/tolgyesi-livia-baratom-potyi\">https:\/\/moly.hu\/konyvek\/tolgyesi-livia-baratom-potyi<\/a><\/p>\n<\/div>\n<\/div><\/div><\/div><\/div><div id=\"pg-2062-1\"  class=\"panel-grid panel-no-style\" ><div id=\"pgc-2062-1-0\"  class=\"panel-grid-cell\" ><div id=\"panel-2062-1-0-0\" class=\"so-panel widget widget_sow-editor panel-first-child panel-last-child\" data-index=\"2\" ><div\n\t\t\t\n\t\t\tclass=\"so-widget-sow-editor so-widget-sow-editor-base\"\n\t\t\t\n\t\t>\n<div class=\"siteorigin-widget-tinymce textwidget\">\n\t<p><a href=\"http:\/\/tolgyesilivia.eu\/wp-content\/uploads\/2019\/09\/berci.jpg\"><img loading=\"lazy\" decoding=\"async\" class=\"size-medium wp-image-2077 aligncenter\" src=\"http:\/\/tolgyesilivia.eu\/wp-content\/uploads\/2019\/09\/berci-225x300.jpg\" alt=\"\" width=\"225\" height=\"300\" srcset=\"https:\/\/tolgyesilivia.eu\/wp-content\/uploads\/2019\/09\/berci-225x300.jpg 225w, https:\/\/tolgyesilivia.eu\/wp-content\/uploads\/2019\/09\/berci-768x1022.jpg 768w, https:\/\/tolgyesilivia.eu\/wp-content\/uploads\/2019\/09\/berci-769x1024.jpg 769w, https:\/\/tolgyesilivia.eu\/wp-content\/uploads\/2019\/09\/berci-300x399.jpg 300w, https:\/\/tolgyesilivia.eu\/wp-content\/uploads\/2019\/09\/berci.jpg 921w\" sizes=\"auto, (max-width: 225px) 100vw, 225px\" \/><\/a><\/p>\n<\/div>\n<\/div><\/div><\/div><div id=\"pgc-2062-1-1\"  class=\"panel-grid-cell\" ><div id=\"panel-2062-1-1-0\" class=\"so-panel widget widget_sow-editor panel-first-child panel-last-child\" data-index=\"3\" ><div\n\t\t\t\n\t\t\tclass=\"so-widget-sow-editor so-widget-sow-editor-base\"\n\t\t\t\n\t\t>\n<div class=\"siteorigin-widget-tinymce textwidget\">\n\t<p><span style=\"color: #003366;\">Kedves L\u00edvia!<\/span><\/p>\n<p><span style=\"color: #003366;\">(id\u0151pont: 2019. j\u00fan. 23., Vas 13:42):<\/span><\/p>\n<p><span style=\"color: #003366;\">A k\u00f6nyvh\u00e9ten tetszett meg a kisfiamnak az \u00d6n mesek\u00f6nyve, amit Mac\u00f3ka f\u0151szerepl\u0151 miatt nagy lelkesed\u00e9ssel n\u00e9zeget \u00e9s hallgat az\u00f3ta is :-). Szerintem is szuper, \u00e9n biztos, hogy nagyon szerettem volna gyerekkoromban! Berci fiam \u00fczeni, hogy \u00fcdv\u00f6zlet\u00e9t k\u00fcldi, \u00e9s hogy - nem is tudom, hogy fejezte ki mag\u00e1t - hasznunkra v\u00e1lt a mac\u00f3k\u00e1s k\u00f6nyv :-). (\u0150 ilyen v\u00e1laszt\u00e9kos m\u00f3don fogalmaz mindig.) <\/span><\/p>\n<p><span style=\"color: #003366;\">Tov\u00e1bbi hasonl\u00f3 \u00edr\u00e1sokat k\u00edv\u00e1nok!<\/span><\/p>\n<p><span style=\"color: #003366;\">\u00dcdv\u00f6zlettel\u2026<\/span><\/p>\n<\/div>\n<\/div><\/div><\/div><\/div><\/div>","protected":false},"excerpt":{"rendered":"<p>T\u00f6lgyesi L\u00edvia: Bar\u00e1tom, P\u00f6tyi &#8222;Csupasz\u00edv mese egy kisl\u00e1nyr\u00f3l, az anyuk\u00e1j\u00e1r\u00f3l, egy nyuszir\u00f3l, egy mack\u00f3r\u00f3l, no meg a varr\u00e1sr\u00f3l. A k\u00f6nyv v\u00e9g\u00e9n szab\u00e1smint\u00e1kat tal\u00e1lhatunk, \u00e9s r\u00e9szletes, hasznos \u00fatmutat\u00e1st a kis varr\u00f3n\u0151k [&hellip;]<\/p>\n","protected":false},"author":1,"featured_media":0,"parent":0,"menu_order":0,"comment_status":"closed","ping_status":"closed","template":"","meta":{"footnotes":""},"class_list":["post-2062","page","type-page","status-publish","hentry"],"_links":{"self":[{"href":"https:\/\/tolgyesilivia.eu\/index.php?rest_route=\/wp\/v2\/pages\/2062","targetHints":{"allow":["GET"]}}],"collection":[{"href":"https:\/\/tolgyesilivia.eu\/index.php?rest_route=\/wp\/v2\/pages"}],"about":[{"href":"https:\/\/tolgyesilivia.eu\/index.php?rest_route=\/wp\/v2\/types\/page"}],"author":[{"embeddable":true,"href":"https:\/\/tolgyesilivia.eu\/index.php?rest_route=\/wp\/v2\/users\/1"}],"replies":[{"embeddable":true,"href":"https:\/\/tolgyesilivia.eu\/index.php?rest_route=%2Fwp%2Fv2%2Fcomments&post=2062"}],"version-history":[{"count":8,"href":"https:\/\/tolgyesilivia.eu\/index.php?rest_route=\/wp\/v2\/pages\/2062\/revisions"}],"predecessor-version":[{"id":2080,"href":"https:\/\/tolgyesilivia.eu\/index.php?rest_route=\/wp\/v2\/pages\/2062\/revisions\/2080"}],"wp:attachment":[{"href":"https:\/\/tolgyesilivia.eu\/index.php?rest_route=%2Fwp%2Fv2%2Fmedia&parent=2062"}],"curies":[{"name":"wp","href":"https:\/\/api.w.org\/{rel}","templated":true}]}}

Vélemények a Barátom, Pötyiről

<div id="pl-2062"  class="panel-layout" ><div id="pg-2062-0"  class="panel-grid panel-no-style" ><div id="pgc-2062-0-0"  class="panel-grid-cell" ><div id="panel-2062-0-0-0" class="so-panel widget widget_sow-editor panel-first-child panel-last-child" data-index="0" ><div
			
			class="so-widget-sow-editor so-widget-sow-editor-base"
			
		>
<div class="siteorigin-widget-tinymce textwidget">
	<p><a href="http://tolgyesilivia.eu/wp-content/uploads/2019/01/Könyv-körbe-vágva.jpg"><img loading="lazy" decoding="async" class="alignleft size-medium wp-image-1799" src="http://tolgyesilivia.eu/wp-content/uploads/2019/01/Könyv-körbe-vágva-300x260.jpg" alt="" width="300" height="260" srcset="https://tolgyesilivia.eu/wp-content/uploads/2019/01/Könyv-körbe-vágva-300x260.jpg 300w, https://tolgyesilivia.eu/wp-content/uploads/2019/01/Könyv-körbe-vágva-768x665.jpg 768w, https://tolgyesilivia.eu/wp-content/uploads/2019/01/Könyv-körbe-vágva-1024x887.jpg 1024w" sizes="auto, (max-width: 300px) 100vw, 300px" /></a></p>
</div>
</div></div></div><div id="pgc-2062-0-1"  class="panel-grid-cell" ><div id="panel-2062-0-1-0" class="so-panel widget widget_sow-editor panel-first-child panel-last-child" data-index="1" ><div
			
			class="so-widget-sow-editor so-widget-sow-editor-base"
			
		>
<div class="siteorigin-widget-tinymce textwidget">
	<p><span style="color: #003366;"><strong><a style="color: #003366;" href="https://moly.hu/konyvek/tolgyesi-livia-baratom-potyi">Tölgyesi Lívia: Barátom, Pötyi</a></strong></span></p>
<p><span style="color: #003300;">"Csupaszív mese egy kislányról, az anyukájáról, egy nyusziról, egy mackóról, no meg a varrásról. A könyv végén szabásmintákat találhatunk, és részletes, hasznos útmutatást a kis varrónők kezdő lépéseihez. </span><br />
<span style="color: #003300;"> Valamiért úgy érzem, hogy igaz történetbe ágyazódik ez a mese; kedvem támadt megkeresni Szentendrén az iparművész édesanyát és játékait a szentendrei boltok kirakatában. Járjatok utána!"</span></p>
<p><span style="color: #003300;">2019. június 5.</span></p>
<p>Forrás: <a href="https://moly.hu/konyvek/tolgyesi-livia-baratom-potyi">https://moly.hu/konyvek/tolgyesi-livia-baratom-potyi</a></p>
</div>
</div></div></div></div><div id="pg-2062-1"  class="panel-grid panel-no-style" ><div id="pgc-2062-1-0"  class="panel-grid-cell" ><div id="panel-2062-1-0-0" class="so-panel widget widget_sow-editor panel-first-child panel-last-child" data-index="2" ><div
			
			class="so-widget-sow-editor so-widget-sow-editor-base"
			
		>
<div class="siteorigin-widget-tinymce textwidget">
	<p><a href="http://tolgyesilivia.eu/wp-content/uploads/2019/09/berci.jpg"><img loading="lazy" decoding="async" class="size-medium wp-image-2077 aligncenter" src="http://tolgyesilivia.eu/wp-content/uploads/2019/09/berci-225x300.jpg" alt="" width="225" height="300" srcset="https://tolgyesilivia.eu/wp-content/uploads/2019/09/berci-225x300.jpg 225w, https://tolgyesilivia.eu/wp-content/uploads/2019/09/berci-768x1022.jpg 768w, https://tolgyesilivia.eu/wp-content/uploads/2019/09/berci-769x1024.jpg 769w, https://tolgyesilivia.eu/wp-content/uploads/2019/09/berci-300x399.jpg 300w, https://tolgyesilivia.eu/wp-content/uploads/2019/09/berci.jpg 921w" sizes="auto, (max-width: 225px) 100vw, 225px" /></a></p>
</div>
</div></div></div><div id="pgc-2062-1-1"  class="panel-grid-cell" ><div id="panel-2062-1-1-0" class="so-panel widget widget_sow-editor panel-first-child panel-last-child" data-index="3" ><div
			
			class="so-widget-sow-editor so-widget-sow-editor-base"
			
		>
<div class="siteorigin-widget-tinymce textwidget">
	<p><span style="color: #003366;">Kedves Lívia!</span></p>
<p><span style="color: #003366;">(időpont: 2019. jún. 23., Vas 13:42):</span></p>
<p><span style="color: #003366;">A könyvhéten tetszett meg a kisfiamnak az Ön mesekönyve, amit Macóka főszereplő miatt nagy lelkesedéssel nézeget és hallgat azóta is :-). Szerintem is szuper, én biztos, hogy nagyon szerettem volna gyerekkoromban! Berci fiam üzeni, hogy üdvözletét küldi, és hogy - nem is tudom, hogy fejezte ki magát - hasznunkra vált a macókás könyv :-). (Ő ilyen választékos módon fogalmaz mindig.) </span></p>
<p><span style="color: #003366;">További hasonló írásokat kívánok!</span></p>
<p><span style="color: #003366;">Üdvözlettel…</span></p>
</div>
</div></div></div></div></div>

<p>Tölgyesi Lívia: Barátom, Pötyi &#8222;Csupaszív mese egy kislányról, az anyukájáról, egy nyusziról, egy mackóról, no meg a varrásról. A könyv végén szabásmintákat találhatunk, és részletes, hasznos útmutatást a kis varrónők [&hellip;]</p>
